se 8, what is 1 + -5072?
-5071
In base 15, what is 5a - -6?
61
In base 16, what is -b - -78?
6d
In base 10, what is -69 - -34?
-35
In base 15, what is -5 + -3dd?
-3e3
In base 16, what is 35b - 0?
35b
In base 11, what is 37 - -28?
64
In base 7, what is -3 + 550?
544
In base 3, what is 11121 - 100?
11021
In base 9, what is 8 + -60?
-51
In base 3, what is -1221111 + -2?
-1221120
In base 13, what is 1 + 2b?
2c
In base 9, what is 3880 - 3?
3876
In base 4, what is 102 + -201?
-33
In base 14, what is 7446 + -5?
7441
In base 4, what is 3 + 22?
31
In base 15, what is 96 + c?
a3
In base 9, what is 3 - 765?
-762
In base 16, what is 888 - 4?
884
In base 2, what is 0 - -100001110110?
100001110110
In base 2, what is -11111001100 - 11?
-11111001111
In base 11, what is 1295 - -1?
1296
In base 3, what is 210 - 121?
12
In base 16, what is 12 + -f?
3
In base 8, what is -107 + 4?
-103
In base 10, what is -5 + 230?
225
In base 15, what is -5 + -4cd?
-4d3
In base 4, what is -10 - -22021?
22011
In base 2, what is -1000101100001111 + -10?
-1000101100010001
In base 2, what is 1101011 + 101001?
10010100
In base 6, what is -2 - 54?
-100
In base 6, what is 12 - 450?
-434
In base 8, what is 62 + 324?
406
In base 13, what is 4276 - -4?
427a
In base 3, what is 1000222 + 2?
1001001
In base 6, what is 3 + 11?
14
In base 11, what is 1 - 649?
-648
In base 14, what is -1346 + -3?
-1349
In base 11, what is -4 - -17?
13
In base 6, what is -35232 - 2?
-35234
In base 2, what is 111 + -10010001?
-10001010
In base 16, what is 6 + -2?
4
In base 11, what is 127 + 12?
139
In base 11, what is 3 + 45?
48
In base 7, what is -5 - -101?
63
In base 7, what is -6 + 53?
44
In base 7, what is 1 + -6?
-5
In base 8, what is 34 + -447?
-413
In base 5, what is -30320 - -2?
-30313
In base 11, what is 3 - -164?
167
In base 3, what is -1002 + 21?
-211
In base 15, what is -2d5 + 3?
-2d2
In base 6, what is 5 - -120?
125
In base 8, what is -1361 - -4?
-1355
In base 10, what is 5 - 184?
-179
In base 11, what is 858 + 2?
85a
In base 15, what is -20e + -3?
-212
In base 14, what is 4 + 33?
37
In base 10, what is 1 - 12?
-11
In base 2, what is 0 - -1000010001?
1000010001
In base 13, what is -57 - 3?
-5a
In base 9, what is 10352 - 4?
10347
In base 12, what is 24 - 3?
21
In base 8, what is -13 + -155?
-170
In base 7, what is -1152 + 3?
-1146
In base 2, what is 11110 + -111000?
-11010
In base 2, what is 1101 + 10100?
100001
In base 5, what is 43 - 21?
22
In base 3, what is 1101 + 11001?
12102
In base 3, what is -2220121 + -10?
-2220201
In base 15, what is 5 - 7b?
-76
In base 11, what is -199 + -38?
-226
In base 11, what is -1 - 44?
-45
In base 10, what is -10573 + 0?
-10573
In base 16, what is -10 + -32?
-42
In base 11, what is -1959 - -1?
-1958
In base 16, what is 2 + -7?
-5
In base 5, what is 22 + -144?
-122
In base 4, what is -10 - 330?
-1000
In base 7, what is -101246 - -3?
-101243
In base 9, what is 5 - 84?
-78
In base 16, what is -2 - 66?
-68
In base 10, what is -8 - -103?
95
In base 14, what is 32 + 0?
32
In base 5, what is 1121 + -11?
1110
In base 12, what is -19 - 38b?
-3a8
In base 4, what is 3 + 31?
100
In base 5, what is -4 - -41?
32
In base 3, what is -1102210 - 10?
-1102220
In base 9, what is 7 - 215?
-207
In base 7, what is -2 - -5?
3
In base 2, what is 11 + -10111?
-10100
In base 2, what is 0 - 10111010101?
-10111010101
In base 15, what is 2e + 3?
32
In base 14, what is -251d + 4?
-2519
In base 8, what is 6 + 35?
43
In base 12, what is 4 + 377?
37b
In base 9, what is -6 - -10?
3
In base 11, what is -1a - -14?
-6
In base 9, what is -104 - -4?
-100
In base 9, what is 4 + 133?
137
In base 14, what is 6 + 1d?
25
In base 12, what is 3 - -3b?
42
In base 15, what is 5e47 + -1?
5e46
In base 9, what is 668 - -1?
670
In base 16, what is -314 - -1?
-313
In base 10, what is -2 - -40?
38
In base 9, what is -33 - -4?
-28
In base 13, what is ba + -2?
b8
In base 7, what is 2 + -603?
-601
In base 15, what is 45 - 16?
2e
In base 2, what is 100 - -101100?
110000
In base 9, what is -76 + 5?
-71
In base 11, what is 1 - a5?
-a4
In base 15, what is 814 - -3?
817
In base 15, what is -a + -e?
-19
In base 11, what is -1 + -138?
-139
In base 14, what is -3 + 9?
6
In base 6, what is -212 - -3?
-205
In base 4, what is 3 - 200313?
-200310
In base 11, what is -a6 + 30?
-76
In base 9, what is -37 - 102?
-140
In base 9, what is 203 - 263?
-60
In base 12, what is -370 - 1?
-371
In base 6, what is -312 + 31?
-241
In base 12, what is 9 - -5?
12
In base 8, what is -12 + 1054?
1042
In base 14, what is -3 - 13a?
-13d
In base 7, what is -23 + -115?
-141
In base 15, what is e + -187?
-178
In base 2, what is -1000011 + 100?
-111111
In base 15, what is 5a40 + 5?
5a45
In base 9, what is 51 + -1?
50
In base 15, what is 604 + 0?
604
In base 7, what is 5 - 26?
-21
In base 16, what is -3 - -6?
3
In base 6, what is 5355 - -3?
5402
In base 3, what is 1000 + -100?
200
In base 7, what is -256 - -3?
-253
In base 13, what is 3 - 74b?
-748
In base 9, what is -283 + -20?
-313
In base 15, what is -1 - -13c?
13b
In base 4, what is -33 + 10312?
10213
In base 5, what is 10 + -10213?
-10203
In base 10, what is 3 + 16?
19
In base 8, what is 5 - 120?
-113
In base 12, what is 3 + 164?
167
In base 12, what is -23 + 4?
-1b
In base 7, what is 1013 - 5?
1005
In base 8, what is -5 - -771?
764
In base 9, what is 1 - 761?
-760
In base 12, what is -13 - 236?
-249
In base 16, what is c + 0?
c
In base 4, what is -3 + 1120?
1111
In base 8, what is -1111 - 0?
-1111
In base 6, what is 1 + -2?
-1
In base 2, what is -110010 + -101?
-110111
In base 2, what is 1010 + -1010011100?
-1010010010
In base 5, what is -4302 - 3?
-4310
In base 11, what is -3795 + -3?
-3798
In base 9, what is -2 + -12?
-14
In base 8, what is 23 - -351?
374
In base 7, what is 556 + -5?
551
In base 15, what is a9 + -5?
a4
In base 16, what is -3 - 52?
-55
In base 9, what is 7 - 80?
-72
In base 14, what is 9c - -31?
cd
In base 13, what is 853 + 3?
856
In base 12, what is -1 + -38b?
-390
In base 10, what is 44 - 212?
-168
In base 11, what is -1085 - 2?
-1087
In base 11, what is 6 - 285a?
-2854
In base 15, what is -10d - -3?
-10a
In base 5, what is -330 + 1?
-324
In base 16, what is 4 + fe?
102
In base 13, what is 171 + -25?
149
In base 9, what is -20 - -4?
-15
In base 15, what is 12 + 3?
15
In base 10, what is 1 + -23?
-22
In base 10, what is 1 - -65?
66
In base 5, what is 34 - 33?
1
In base 4, what is 201 + 3011?
3212
In base 16, what is 4 + 3c3?
3c7
In base 11, what is -1 - -31?
30
In base 11, what is 10a + 5?
114
In base 4, what is 2 + -1011320?
-1011312
In base 2, what is 101 + 1010101010?
1010101111
In base 9, what is -3 - -16?
13
In base 2, what is 100000010010 - -101?
100000010111
In base 13, what is 3 + -1c7?
-1c4
In base 14, what is -14 + -14b?
-161
In base 16, what is -301 + -3?
-304
In base 4, what is 0 + 1322?
1322
In base 16, what is 26 - 4?
22
In base 7, what is 4223 - -5?
4231
In base 13, what is b7 + -50?
67
In base 10, what is -4 + -11?
-15
In base 7, what is 4214 - -5?
4222
In base 10, what is -4 + -32?
-36
In base 11, what is 8 + 163?
170
In base 3, what is -12 + -212200?
-212212
In base 12, what is -2 + 445?
443
In base 8, what is 0 + 267?
267
In base 8, what is -717 - 3?
-722
In base 6, what is 303 - 5?
254
In base 10, what is -2 - 16?
-18
In base 5, what is -33 - -34?
1
In base 14, what is -41 - -4a?
9
In base 5, what is -341 - -3?
-333
In base 5, what is -11 + 3040?
3024
In base 2, what is -11 + 1010011101?
1010011010
In base 14, what is 197 + 3?
19a
In base 7, what is 63 + -301?
-205
In base 4, what is 310 - 1?
303
In base 13, what is 9c - 1?
9b
In base 9, what is -16 - -3?
-13
In base 16, what is -a - -7?
-3
In base 11, what is -23a + 4?
-236
In base 4, what is 10 + -1311?
-1301
In base 6, what is -212 + -2?
-214
In base 13, what is -9 - 2b?
-37
In base 4, what is 110131 + 0?
110131
In base 13, what is 2 - -316?
318
In base 12, what is -24 - -649?
625
In base 2, what is 11110100111 + 100?
11110101011
In base 2, what is 10010 - 11?
1111
In base 13, what is 12 + 1c?
31
In base 9, what is 51 + -4?
46
In base 7, what is -5 - 326?
-334
In base 11, what is 99 + 1?
9a
In base 12, what is -146a - -4?
-1466
In base 16, what is 2 - -226?
228
In base 12, what is 12 + 11?
23
In base 11, what 